 Suppose 4*r + k = -v + b, r + 3*v - 2 = 0. Is 2 a factor of r?
True
Suppose 0 = f, -4*f = 3*m - 80 - 460. Is m a multiple of 12?
True
Suppose 15 = 3*n, n - 36 - 137 = -3*c. Is 16 a factor of c?
False
Let h be (-7184)/(-10) + 2 - 16/40. Suppose h = -14*x + 17*x. Does 40 divide x?
True
Let w(u) = u**3 - u**2 - u + 18. Let z(n) = n**2 - 7*n + 6. Let p(l) = l**3 - 4*l**2 - 4*l + 1. Let x be p(5). Let v be z(x). Does 9 divide w(v)?
True
Let i(x) = 28*x**2 + 6*x - 29. Is i(-6) a multiple of 23?
True
Let h = -3680 + 6164. Is 92 a factor of h?
True
Let k(d) = 3. Let w(i) = i - 4. Let j(v) = 7*k(v) + 6*w(v). Let y(r) = r - 6. Let b be y(14). Is j(b) a multiple of 16?
False
Let j(g) = -2*g**3 - 26*g**2 - 150*g - 50. Is j(-16) a multiple of 29?
True
Let t = 333 + -619. Let v = t - -442. Is 7 a factor of v?
False
Suppose -16*j + 11*j = -80. Suppose 2*d + 16 = -3*g + g, -5*g = -d + j. Is (-1)/g + (-1628)/(-16) a multiple of 30?
False
Let r be 8/(-20) + 44/10. Let b(i) = 32*i + 28. Is b(r) a multiple of 13?
True
Suppose 3*v + 4 = 4*v. Is v/6*1533/14 a multiple of 11?
False
Suppose 7*f = 5*f + 6. Suppose 12 = -u - f*i + 5*i, u = -5*i + 9. Is 14 a factor of u/(-21) + (-1088)/(-14)?
False
Let o = 508 + -386. Is 63 a factor of o?
False
Is 117 a factor of (-6)/(-1) + 621 + 75?
True
Let m(g) = g + 6. Let r be m(-4). Suppose 0 = -0*s + r*s + 72. Let z = 80 + s. Is z a multiple of 10?
False
Let p(j) = -j**3 + 27*j**2 + 42*j - 24. Does 41 divide p(28)?
False
Suppose -2*w + 12 = y - 4*w, 0 = -2*w + 10. Does 2 divide y?
True
Let a(v) = -2*v + 2. Suppose 5*z = -2*j + 7, 4*j - z = j + 2. Let r be (-3 - j) + 1 - 0. Does 8 divide a(r)?
True
Let v = 4 + -4. Suppose -2*m - 9 = -4*i + 9, 2*m - 7 = -i. Does 2 divide m + -1*(v + -2)?
False
Suppose 0 = 4*c + 23 - 315. Let h = c - 37. Does 9 divide h?
True
Let d be (6 - 5)*(1 + 0). Let s be (d - 0)/((-13)/(-39)). Suppose -3*l + l = 4*x - 358, -s*l - 93 = -x. Does 15 divide x?
True
Suppose -2 - 4 = -3*l. Let i be l*4/((-8)/(-145)). Suppose -2*j - i = -7*j. Does 12 divide j?
False
Let u(x) = x**2 - 6*x. Let i be u(6). Suppose 2*r + 2*r = i. Is 82*(1 + r)/1 a multiple of 18?
False
Let y be 10/3 - 2/6. Let x = y + 1. Suppose 5*v = -3*w + 110, v + 66 = x*v + 2*w. Does 22 divide v?
True
Let y = -14 + 16. Suppose f = 5*t - y + 14, -5*t = 0. Let k = -5 + f. Is 2 a factor of k?
False
Let n(m) = m**3 + 10*m**2 + 8*m - 9. Let x be n(-9). Suppose 2*w + 3*w + 3*i + 195 = x, 2*w = 5*i - 47. Is 2 a factor of ((-1)/3)/(2/w)?
True
Suppose 495*i - 503*i = -32264. Is 11 a factor of i?
False
Let l = 53 + -74. Suppose 303 = -9*c + 69. Let k = l - c. Is k a multiple of 3?
False
Suppose 2*x + 179 = 563. Is x a multiple of 12?
True
Suppose -3*w + 46 = 4. Let o = -6 - -2. Let p = o + w. Does 2 divide p?
True
Suppose -4*y = -5*j - 645, -j + 381 + 79 = 3*y. Suppose 31 = 4*v + 11. Suppose -v*a + 0*a = 5*i - y, a = i - 21. Is 13 a factor of i?
True
Let v(w) = -w**3 + 80*w**2 + 85*w - 222. Is 6 a factor of v(81)?
True
Suppose 0 = -3*d - 5*n - 149, n - 214 = 4*d - 0*n. Let r = -19 - d. Suppose -z - 42 = -5*a + r, 3*a - 2*z - 47 = 0. Does 5 divide a?
True
Suppose -5*b = c - 3260, 8*c - 3*c + 2*b = 16208. Is c a multiple of 40?
True
Let k = 493 - 117. Is k a multiple of 47?
True
Let k(q) be the first derivative of -q**4/2 + 8*q**3/3 - q**2/2 + 6*q + 5. Let b be k(6). Let c = b + 202. Is c a multiple of 24?
False
Suppose -4*w + 12 = 4. Suppose -w*s = 3*h - 27, 4*h - s - 2*s - 53 = 0. Suppose 0 = -2*m + 5 + h. Is 5 a factor of m?
False
Suppose 4*z - 3913 = -833. Does 22 divide z?
True
Does 14 divide 1650/16 + 85/(-680)?
False
Suppose 5*k = -3*f + 1360, -f = 4*k + 2*f - 1088. Does 7 divide k?
False
Let b(z) = z - 5. Let g be b(13). Let r = 30 - g. Let j = 31 - r. Does 2 divide j?
False
Let i = -89 + 184. Let y = i + -885. Is y/(-70) + (-4)/14 a multiple of 2?
False
Let z = -131 - -188. Let x = z + -34. Is 10 a factor of x?
False
Let i = -437 + 1163. Is 9 a factor of i?
False
Let m be (-120)/(2 + -6 - (-20)/8). Let h = m + -64. Does 12 divide h?
False
Let d be (-748)/5 - (-27)/45. Suppose -2*t = 76 + 114. Let u = t - d. Does 18 divide u?
True
Let z(b) = -b**3 + 13*b**2 - 9*b - 34. Does 44 divide z(10)?
True
Suppose 5 = -5*i - 4*o, -5*i + 3*o = 2*o + 5. Is (-10 - -8) + (-23)/i a multiple of 7?
True
Is 1026 - 19/((-152)/48) a multiple of 86?
True
Let n = -23 + 13. Is (n/(-10))/((-1)/(-23)) a multiple of 7?
False
Let w = 5 - 2. Suppose a - 2*j = 20, 3*a - 27 - 27 = w*j. Let o = -1 + a. Does 7 divide o?
False
Let d = 675 - 294. Is d a multiple of 36?
False
Let k(b) = 10*b**2 + 11*b + 11. Let x(j) = -3*j**2 - 4*j - 4. Let w(r) = -2*k(r) - 7*x(r). Let c be w(-3). Does 7 divide (7 + c - 3) + 20?
True
Suppose 0 = 2*d + r - 11, 3*r = -4*d + 34 - 9. Suppose 131 = d*j + 39. Let x = j - 12. Is 11 a factor of x?
True
Suppose 3*m + 27 = 5*z - 7, 3*z - m - 22 = 0. Is (-2 - 57/(-6))*z a multiple of 30?
True
Suppose -4*d + 2069 = -5*h, -h - h = 2. Is d a multiple of 10?
False
Let y(f) = -14*f**2 + f + 7. Let q be y(3). Is (q/7)/(24/(-84)) a multiple of 39?
False
Let n be (6/(-5))/(1/140*4). Let v = n - -126. Is 6 a factor of v?
True
Is 12 a factor of 885*((-12)/(-8))/((-6)/(-4))?
False
Suppose 0 = -n + 5*n - 76. Does 16 divide (2 + 1 - 4) + n?
False
Let y be (4 - -31)*(-1 - 0). Is 9 a factor of 18*(-1 + y/(-10))?
True
Let g(b) = b**3 - 2*b**2 - 2*b - 6. Let l be g(7). Is (2 - 1*-7)*l/9 a multiple of 15?
True
Is 8112/40*25/10 a multiple of 42?
False
Suppose -5284 = -10*q - 644. Does 58 divide q?
True
Suppose 50*m - 85 = 33*m. Let x(r) = 4*r + 9 + r + 2*r. Is 11 a factor of x(m)?
True
Let v = 197 - 181. Is 4 a factor of v?
True
Suppose 2974 + 883 = 19*i. Is i a multiple of 7?
True
Let z = 17 - 16. Let r(h) = 138*h**3 - h**2 + h. Does 20 divide r(z)?
False
Let l(c) be the first derivative of -c**2/2 + 2*c + 2. Let m be l(-10). Is 4/14 - m/(-7) even?
True
Suppose 0 = -25*d - 1875 + 23325. Is d a multiple of 7?
False
Suppose 66551 = 131*o - 70*o. Is o a multiple of 59?
False
Let s(c) be the first derivative of 2*c**3 + 4*c**2 + 22*c + 25. Is 11 a factor of s(-5)?
True
Let l(d) = -23*d + 12*d - 5 - 4. Does 12 divide l(-3)?
True
Suppose 0 = x - 32 - 25. Let s = x + -27. Is 3 a factor of s?
True
Suppose -100 = -5*n + n + q, 4*q = 0. Let c = -20 + n. Is 2 a factor of c?
False
Is 21/((-7)/1) - -159 a multiple of 26?
True
Let b be 3/2 + 4/40*5. Suppose 3*v + 3*z = -b*z + 153, -4*v + 3*z + 204 = 0. Is 15 a factor of v?
False
Suppose -86 + 775 = 13*t. Is t a multiple of 46?
False
Let b(g) be the third derivative of g**5/30 + g**4/12 + 4*g**3/3 + 12*g**2. Does 11 divide b(-4)?
False
Let v(u) = 29*u - 3. Let o be v(-2). Let q = -11 + o. Is (27/(-6))/(4/q) a multiple of 27?
True
Let l = -976 + 1457. Is 10 a factor of l?
False
Suppose -3*o + 0*w - 102 = 2*w, 3*o + 102 = -5*w. Let a = o + 24. Is 2 a factor of (a/35)/((-1)/7)?
True
Suppose 0 = 5*t + 220 - 3070. Does 40 divide t?
False
Let m = -13 + 19. Let a(c) = 7*c + 6. Let b(j) = -15*j - 12. Let k(o) = 13*a(o) + 6*b(o). Is k(m) a multiple of 6?
True
Let q = -284 - -420. Is q a multiple of 12?
False
Let d = 51 - 46. Is d/(-3)*-77 + (-4)/12 a multiple of 64?
True
Let m = 15 - -3. Let z = -17 + m. Is z*3/(3/16) a multiple of 8?
True
Let b(r) = -109*r**2 - 6*r + 11. Let n(a) = -273*a**2 - 15*a + 27. Let u(d) = 12*b(d) - 5*n(d). Is u(2) a multiple of 17?
False
Let r be (0 - 2)/(16/(-408)). Let p = 59 - r. Does 2 divide p?
True
Suppose -3*w - 4*n + 205 = -173, -w - 4*n = -118. Does 5 divide w?
True
Suppose 0 = -5*y + 38 + 382. Suppose 4*z = 7*z - 156. Suppose 3*c = 3*g - y, 2*g - z = -4*c + 2*c. Is g a multiple of 14?
False
Let f(x) = -2*x - 10. Let a be f(-8). Suppose 224 = -2*b + a*b + 4*v, 5*b - 2*v = 252. Does 4 divide b?
True
Suppose -r = 3*c - 256, 2*c - 793 = -3*r - 2*c. Suppose 5*f = g + 276, 5*f - 4*g - r = -8*g. Is f a multiple of 11?
True
Suppose 6*w - 1502 = -656. Is 38 a factor of w?
False
Suppose -2*n + 6*n = 0. Suppose n = p - 4*x + 5 - 0, 2*p + 3*x - 45 = 0. Does 11 divide p?
False
Suppose 3*a = -25 + 109. Let v = a - 26. Is -1 + 51 + (-4)/v a multiple of 12?
True
Let p(n) = 2*n - 3*n**2 - 7*n**2 - 5*n - n**3 + 2*n**2. Is 25 a factor of p(-9)?
False
Suppose -423 - 176 = 5*o - s, -2*s + 365 = -3*o. Let f = -83 - o. Let h = f - 19. D